ate the highest common divisor of o and 14355.
29
Let s(w) = 8*w + 152. Let v be s(-18). Let t = 30 - -2. Calculate the greatest common factor of v and t.
8
Suppose -68*n = -261 - 2187. What is the highest common divisor of n and 3276?
36
Let y = 1775 + -1321. Calculate the greatest common factor of y and 2.
2
Let d be (480 - -1209) + -6*(1 - 0). Calculate the greatest common divisor of 51 and d.
51
Suppose -383*n - 41*n + 75472 = 0. Calculate the greatest common factor of 11303 and n.
89
Let h = -41 - -44. Suppose -9 = 5*t - b, 2 + 3 = -t - h*b. Let y be (6 - 5)*(88 + t). What is the highest common divisor of y and 43?
43
Let p = -32 + 143. Suppose 5*z = 5*d - 165, -3*d = -0*d + 3*z - p. Let b be d/15*132/4. Calculate the highest common divisor of 7 and b.
7
Suppose -4*f + 3*f = -192. Suppose -15108 = 18*x - 15540. Calculate the highest common factor of f and x.
24
Suppose 126 = 2*w - 2*k, 2*w = 32*k - 28*k + 118. Suppose 0 = 2*z - 13*z + 6633. What is the greatest common factor of w and z?
67
Suppose -26 = -2*i + 40. Let w = 7775 + -7763. Calculate the greatest common divisor of i and w.
3
Let n = 670 - 66. Let b be n/10 + 4/(-50)*5. What is the highest common divisor of b and 75?
15
Suppose -7 = -2*j - 3. Let q be 36/(-23 + 16 - -9). What is the highest common divisor of j and q?
2
Let l be (2 + -506)/4*3/(-9). Calculate the greatest common factor of 1182 and l.
6
Suppose -72*s + 118560 = -40*s. What is the highest common factor of s and 2145?
195
Suppose -15*m + 5058 = 588. Suppose 0 = -17*t + 246 + m. What is the greatest common factor of 32 and t?
32
Suppose -48 = -0*d - 4*d. Let l(c) = 240*c - 9756. Let s be l(41). What is the highest common divisor of s and d?
12
Suppose 8*w - 72 + 440 = 0. Let g = w + 82. What is the greatest common factor of 9 and g?
9
Let j(r) = -63*r + 258. Let s be j(4). Let l = -7 + 9. Suppose 0 = -5*i + 2*g + 12, l*i + 4*g = -0*i. What is the greatest common divisor of i and s?
2
Suppose 55 = -12*b + 23*b. Suppose b*y = -2*s + 2, 16*y = 18*y + 4. What is the greatest common divisor of s and 60?
6
Let i be 2/8 - 1214/(-8). Let t(s) = -46*s**2 + 1972*s + 296. Let k be t(43). Calculate the highest common divisor of i and k.
38
Let c be (-2 + -2 + -259)*(92 - 95). What is the greatest common divisor of c and 6?
3
Suppose -4176 = -11*v - 579. Let n = v + -303. Calculate the highest common divisor of 18 and n.
6
Let h(s) = -s**3 + 31*s**2 + 63*s - 158. Let c be h(30). Calculate the greatest common divisor of c and 616.
56
Let y be (-2)/(32/(-132)*6/8). Suppose y - 71 = -2*x. Suppose -3*q + 75 = -2*q. Calculate the highest common factor of x and q.
15
Suppose 0 = 5*y - 5*z - 1196 + 401, -2*y + 343 = 3*z. What is the highest common factor of 20 and y?
4
Let v = -38 - -34. Let p be 10/(-45) + 5 - v/18. What is the highest common factor of 10 and p?
5
Let f be 63/(-231)*(-19 + -3). What is the greatest common factor of 678 and f?
6
Let g(s) = 2*s**2 - 57*s + 79. Let r be g(0). Let o be (20/4)/(2/316). Calculate the highest common factor of o and r.
79
Let o be (10/3)/(8216/2736 - 3). Suppose 29*d = -9*d + o. What is the highest common factor of 25 and d?
5
Let q be ((-56)/(-6))/((-2)/(-6)). Let z(w) = -w - 114*w**2 - 50 - 3*w + 115*w**2 - 15*w. Let o be z(24). What is the highest common divisor of o and q?
14
Let t be 16*(8/(-4) - -1)/1. Let j be 4/t*-4*-110. Let m be (-2)/(-4) + j/(-4). Calculate the highest common factor of 140 and m.
28
Let m(i) be the second derivative of -7*i**4/12 + 7*i**3 - i**2 + 9*i - 6. Let d be m(4). What is the greatest common divisor of d and 90?
18
Let n be -1 + -2 + 5 - -37. Let o = n - 20. Let j = 44 - o. Calculate the greatest common factor of j and 200.
25
Let u(l) = -6*l - 4. Let n be u(-6). Let j(p) = -177*p - 2559. Let b be j(-15). What is the highest common factor of n and b?
32
Let z = 541 - 371. Let f be 34/z + (-481)/5. Let j = f - -112. What is the greatest common divisor of 2 and j?
2
Suppose -2*k + 24 = k. Let s be (65/(-10))/(6/(-12)). Suppose -s - 35 = -12*q. Calculate the highest common divisor of q and k.
4
Let f = 300 + -279. Suppose 3*l + 12 = 153. Let q = l - 26. Calculate the highest common divisor of q and f.
21
Let v be (-7)/(-3) - (-373198)/69. What is the highest common factor of 7 and v?
7
Let v be (13/4)/((-1)/(-4)). Let y(u) = -u**3 + 6*u**2 - 13*u + 60. Let n be y(6). Let p be 4/n - (-706)/18. Calculate the greatest common factor of p and v.
13
Suppose -3*f = -z - 9452, -3*z + 24 = 21. What is the highest common factor of f and 115?
23
Let s be ((-10)/3)/(-7*(-12)/2646). Let p = s + 123. Calculate the highest common factor of 6 and p.
6
Let a(l) = 42*l**2 - 6*l + 9. Let b be a(-3). Let u be 6/10 + b/75. Calculate the highest common factor of 6 and u.
6
Let a = -3857 + 3872. Suppose u + 0*n - 48 = 3*n, 3*u = -4*n + 196. What is the greatest common factor of u and a?
15
Let j = -4 + 37. Let u(q) = 8*q**2 - 3*q - 8. Let v = 27 + -20. Let m be u(v). Calculate the highest common factor of m and j.
33
Suppose 9*h - 5*h = 12, 0 = -4*w + h + 6961. Suppose -26*s + 1171 = -w. What is the highest common factor of s and 84?
28
Let n be 1694/10 + (-2)/5. Suppose -13*u + 290 - 121 = 0. What is the greatest common factor of n and u?
13
Suppose 5*b = -14 + 29. Suppose -2*r + 25 = b*r. Suppose v + 5 = -3*m, -r + 1 = m. Calculate the greatest common divisor of v and 1.
1
Suppose -43*p - 59 = -4*o - 38*p, 6 = o - 10*p. Suppose -b - b + 532 = -5*f, b + 2*f = 248. What is the greatest common divisor of o and b?
16
Let x = 41 + -18. Suppose -6 = 4*m - 2*m, -4*p - 3*m = -x. Let o = 245 - 181. What is the greatest common divisor of o and p?
8
Let x(f) = 10*f - 2. Suppose 0 = -3*j + 11 - 8. Let g be x(j). Suppose 4*c - 61 = 3. What is the greatest common divisor of g and c?
8
Suppose 32*y - 1320 = 2*y. Calculate the highest common factor of y and 319.
11
Suppose 138*b - 71*b - 16281 = 0. Calculate the greatest common factor of b and 189.
27
Suppose -2*h + 121 = 19*d - 18*d, -h + 2*d + 73 = 0. Calculate the greatest common divisor of 399 and h.
21
Suppose 13*a - 8 = 57. Let d be ((-213)/12 - a)/(3/(-24)). Calculate the highest common factor of d and 42.
14
Let y(w) = -9*w - 15. Let f(b) = 9*b + 15. Let a(p) = -5*f(p) - 4*y(p). Let q be a(-2). Calculate the highest common divisor of 21 and q.
3
Let h be (11 - -767) + -4 - -1. What is the greatest common factor of h and 275?
25
Suppose 459*q + 8820 = 606*q. Let a be (-6)/9*(-4 - -1). Suppose 0 = 2*h - a, -2*n - 5*h + 26 = -3*h. Calculate the highest common divisor of q and n.
12
Suppose -v + 73 = -5*n, 9*n - 5*n - 257 = -3*v. Let t(x) = 14*x**3 - x - 1. Let i be t(2). Suppose -f = v - i. Calculate the highest common divisor of f and 13.
13
Let g(o) = o**3 + o**2 - 7*o - 5. Let j be g(0). Let k be (3/3)/(j/(-65)). Calculate the greatest common divisor of k and 13.
13
Suppose 3*q - 40 = q. Let d be 195/q + 1/4. Suppose d = 6*a - 140. Calculate the greatest common divisor of 75 and a.
25
Let s be 37/((-666)/(-2556)) - 12. Calculate the highest common factor of s and 19890.
130
Let g(a) = a**3 + 6*a**2 + 10*a + 17. Let n be g(-4). Let v be 98/2 + (2 - 2). Let o be (v/(-7))/((-3)/n). Calculate the highest common divisor of 3 and o.
3
Suppose 53*r = -49*r + 20400. What is the greatest common divisor of 650 and r?
50
Suppose -5*g + 4*i = -7492, -3*g + 18*i = 14*i - 4500. What is the highest common divisor of g and 17?
17
Suppose 2*i + 4*j = 1362, -j - 153 = -3*i + 1932. What is the greatest common divisor of i and 126?
63
Let x(t) = t**3 + 6*t**2 - 55*t - 274. Let b be x(-5). What is the highest common factor of 16406 and b?
26
Suppose -4*j - 5*d = 1004, -2*j + 28*d - 532 = 23*d. Let f = -14 - j. What is the highest common divisor of 33 and f?
11
Suppose -2*o - 9*o + 22 = 0. Let l be ((-5)/2 - 0)/((-3)/54). Suppose b + 2*s - l = 45, o*b + s = 180. What is the greatest common divisor of 18 and b?
18
Let c be (2/4)/((-5)/(-70)). Suppose c*o - 18 = 10*o. Let z be 140/15*o/(-4). What is the highest common divisor of 28 and z?
14
Let g = -27028 - -27031. Calculate the highest common factor of g and 11127.
3
Let o = 24190 - 12475. What is the greatest common divisor of o and 33?
33
Let c be -2 + 3*79 - 1. Let a be (2600/(-375))/(60/(-450)). Calcul